inder when 147 is divided by 74.
73
What is the remainder when 1748 is divided by 123?
26
Calculate the remainder when 190 is divided by 16.
14
Calculate the remainder when 2515 is divided by 834.
13
What is the remainder when 76 is divided by 41?
35
What is the remainder when 688 is divided by 174?
166
What is the remainder when 107 is divided by 37?
33
Calculate the remainder when 97 is divided by 50.
47
Calculate the remainder when 2566 is divided by 72.
46
Calculate the remainder when 212 is divided by 19.
3
Calculate the remainder when 105 is divided by 58.
47
Calculate the remainder when 194 is divided by 39.
38
Calculate the remainder when 381 is divided by 13.
4
Calculate the remainder when 7784 is divided by 17.
15
Calculate the remainder when 813 is divided by 91.
85
What is the remainder when 426 is divided by 232?
194
Calculate the remainder when 2893 is divided by 14.
9
Calculate the remainder when 541 is divided by 196.
149
Calculate the remainder when 263 is divided by 38.
35
What is the remainder when 683 is divided by 49?
46
Calculate the remainder when 370 is divided by 25.
20
Calculate the remainder when 137 is divided by 28.
25
Calculate the remainder when 3263 is divided by 136.
135
Calculate the remainder when 282 is divided by 10.
2
Calculate the remainder when 105 is divided by 17.
3
Calculate the remainder when 89 is divided by 13.
11
What is the remainder when 7337 is divided by 41?
39
Calculate the remainder when 8666 is divided by 27.
26
Calculate the remainder when 7950 is divided by 36.
30
Calculate the remainder when 184 is divided by 16.
8
What is the remainder when 121 is divided by 29?
5
What is the remainder when 897 is divided by 36?
33
What is the remainder when 426 is divided by 33?
30
What is the remainder when 110 is divided by 45?
20
Calculate the remainder when 151 is divided by 11.
8
What is the remainder when 56 is divided by 18?
2
Calculate the remainder when 59 is divided by 42.
17
Calculate the remainder when 690 is divided by 100.
90
Calculate the remainder when 85 is divided by 29.
27
What is the remainder when 4373 is divided by 81?
80
What is the remainder when 92 is divided by 48?
44
What is the remainder when 109 is divided by 95?
14
Calculate the remainder when 4059 is divided by 35.
34
What is the remainder when 35 is divided by 7?
0
Calculate the remainder when 1726 is divided by 91.
88
Calculate the remainder when 1259 is divided by 13.
11
Calculate the remainder when 3114 is divided by 76.
74
What is the remainder when 516 is divided by 257?
2
What is the remainder when 474 is divided by 144?
42
What is the remainder when 1060 is divided by 152?
148
What is the remainder when 853 is divided by 165?
28
What is the remainder when 238 is divided by 40?
38
Calculate the remainder when 142 is divided by 21.
16
Calculate the remainder when 243 is divided by 19.
15
Calculate the remainder when 2248 is divided by 282.
274
What is the remainder when 6465 is divided by 77?
74
What is the remainder when 433 is divided by 31?
30
What is the remainder when 112 is divided by 29?
25
Calculate the remainder when 16 is divided by 2.
0
Calculate the remainder when 1628 is divided by 237.
206
What is the remainder when 2597 is divided by 182?
49
Calculate the remainder when 68 is divided by 31.
6
What is the remainder when 285 is divided by 17?
13
What is the remainder when 374 is divided by 93?
2
What is the remainder when 4435 is divided by 2212?
11
What is the remainder when 726 is divided by 146?
142
Calculate the remainder when 61 is divided by 27.
7
What is the remainder when 2787 is divided by 15?
12
What is the remainder when 535 is divided by 12?
7
What is the remainder when 391 is divided by 21?
13
Calculate the remainder when 281 is divided by 63.
29
Calculate the remainder when 538 is divided by 93.
73
What is the remainder when 174 is divided by 134?
40
What is the remainder when 77 is divided by 15?
2
What is the remainder when 373 is divided by 22?
21
What is the remainder when 86 is divided by 30?
26
Calculate the remainder when 38 is divided by 11.
5
What is the remainder when 20432 is divided by 49?
48
What is the remainder when 14119 is divided by 25?
19
What is the remainder when 485 is divided by 128?
101
Calculate the remainder when 230 is divided by 49.
34
What is the remainder when 23 is divided by 15?
8
Calculate the remainder when 9673 is divided by 118.
115
Calculate the remainder when 73 is divided by 5.
3
What is the remainder when 784 is divided by 98?
0
Calculate the remainder when 8433 is divided by 57.
54
Calculate the remainder when 109 is divided by 33.
10
What is the remainder when 537 is divided by 6?
3
What is the remainder when 24763 is divided by 18?
13
What is the remainder when 9021 is divided by 48?
45
What is the remainder when 209 is divided by 21?
20
What is the remainder when 3104 is divided by 111?
107
What is the remainder when 1572 is divided by 25?
22
Calculate the remainder when 44 is divided by 8.
4
What is the remainder when 456 is divided by 17?
14
What is the remainder when 792 is divided by 106?
50
What is the remainder when 62 is divided by 24?
14
Calculate the remainder when 888 is divided by 234.
186
What is the remainder when 235 is divided by 42?
25
What is the remainder when 2060 is divided by 48?
44
Calculate the remainder when 992 is divided by 490.
12
Calculate the remainder when 4614 is divided by 210.
204
What is the remainder when 226 is divided by 21?
16
What is the remainder when 143 is divided by 7?
3
What is the remainder when 2205 is divided by 39?
21
What is the remainder when 6335 is divided by 36?
35
What is the remainder when 394 is divided by 97?
6
Calculate the remainder when 136 is divided by 39.
19
Calculate the remainder when 867 is divided by 168.
27
Calculate the remainder when 609 is divided by 39.
24
Calculate the remainder when 758 is divided by 150.
8
What is the remainder when 619 is divided by 48?
43
Calculate the remainder when 759 is divided by 64.
55
What is the remainder when 1448 is divided by 11?
7
What is the remainder when 129 is divided by 12?
9
What is the remainder when 102 is divided by 15?
12
Calculate the remainder when 51 is divided by 26.
25
What is the remainder when 98 is divided by 22?
10
Calculate the remainder when 1707 is divided by 1689.
18
What is the remainder when 241 is divided by 138?
103
What is the remainder when 67 is divided by 8?
3
What is the remainder when 97 is divided by 28?
13
What is the remainder when 130 is divided by 113?
17
Calculate the remainder when 7288 is divided by 15.
13
What is the remainder when 158 is divided by 40?
38
Calculate the remainder when 141 is divided by 48.
45
Calculate the remainder when 963 is divided by 475.
13
Calculate the remainder when 478 is divided by 20.
18
Calculate the remainder when 2308 is divided by 30.
28
Calculate the remainder when 315 is divided by 6.
3
What is the remainder when 2388 is divided by 92?
88
Calculate the remainder when 203 is divided by 157.
46
Calculate the remainder when 2569 is divided by 637.
21
Calculate the remainder when 4345 is divided by 82.
81
Calculate the remainder when 139 is divided by 80.
59
What is the remainder when 251 is divided by 87?
77
Calculate the remainder when 2671 is divided by 81.
79
Calculate the remainder when 2965 is divided by 72.
13
Calculate the remainder when 27 is divided by 17.
10
What is the remainder when 18074 is divided by 179?
174
What is the remainder when 1108 is divided by 124?
116
What is the remainder when 1859 is divided by 168?
11
What is the remainder when 122 is divided by 115?
7
Calculate the remainder when 4391 is divided by 62.
51
What is the remainder when 965 is divided by 221?
81
Calculate the remainder when 270 is divided by 69.
63
What is the remainder when 433 is divided by 13?
4
What is the remainder when 2327 is divided by 15?
2
What is the remainder when 180 is divided by 39?
24
What is the remainder when 167 is divided by 43?
38
What is the remainder when 173 is divided by 29?
28
Calculate the remainder when 224 is divided by 25.
24
Calculate the remainder when 1263 is divided by 115.
113
What is the remainder when 245 is divided by 227?
18
Calculate 